6?
2, 19, 59, 1433
List the prime factors of 7552946.
2, 311, 12143
What are the prime factors of 1021825?
5, 7, 5839
What are the prime factors of 423420?
2, 3, 5, 7057
What are the prime factors of 7429103?
11, 59, 11447
List the prime factors of 10251992.
2, 643, 1993
What are the prime factors of 57818?
2, 28909
What are the prime factors of 808465?
5, 7, 23099
List the prime factors of 10503439.
10503439
What are the prime factors of 6319016?
2, 11, 71807
What are the prime factors of 292257?
3, 7, 4639
List the prime factors of 1704271.
1704271
List the prime factors of 108686.
2, 31, 1753
What are the prime factors of 4494045?
3, 5, 299603
List the prime factors of 2667849.
3, 43, 20681
List the prime factors of 8179334.
2, 29, 141023
List the prime factors of 155845.
5, 71, 439
What are the prime factors of 66039?
3, 22013
List the prime factors of 7614967.
7614967
What are the prime factors of 3066413?
7, 103, 4253
List the prime factors of 525659.
37, 14207
List the prime factors of 4806065.
5, 11, 87383
What are the prime factors of 478144?
2, 31, 241
List the prime factors of 8356969.
8356969
List the prime factors of 383859.
3, 7, 677
List the prime factors of 649788.
2, 3, 173, 313
List the prime factors of 476219.
476219
What are the prime factors of 839557?
41, 20477
List the prime factors of 1801617.
3, 223, 2693
List the prime factors of 16090993.
17, 911, 1039
List the prime factors of 8146801.
13, 19, 32983
List the prime factors of 7364113.
7364113
List the prime factors of 1455002.
2, 727501
What are the prime factors of 20720015?
5, 107, 38729
What are the prime factors of 31582585?
5, 6316517
List the prime factors of 69490.
2, 5, 6949
What are the prime factors of 9196179?
3, 3065393
What are the prime factors of 139139?
7, 11, 13, 139
List the prime factors of 42363.
3, 523
List the prime factors of 4127399.
47, 137, 641
List the prime factors of 1866384.
2, 3, 13, 997
What are the prime factors of 1139526?
2, 3, 29, 37, 59
What are the prime factors of 9692942?
2, 7, 692353
What are the prime factors of 5622689?
19, 139, 2129
What are the prime factors of 1266243?
3, 11, 38371
List the prime factors of 161420.
2, 5, 7, 1153
List the prime factors of 4412329.
251, 17579
List the prime factors of 351459.
3, 4339
What are the prime factors of 1272653?
1272653
What are the prime factors of 1098?
2, 3, 61
List the prime factors of 345809.
61, 5669
What are the prime factors of 272014?
2, 277, 491
List the prime factors of 41749749.
3, 515429
What are the prime factors of 3157708?
2, 487, 1621
List the prime factors of 567967.
19, 167, 179
What are the prime factors of 464307?
3, 154769
List the prime factors of 4369515.
3, 5, 37, 7873
List the prime factors of 26446868.
2, 7, 59, 2287
What are the prime factors of 367841?
367841
List the prime factors of 573374.
2, 286687
What are the prime factors of 2438766?
2, 3, 11, 109, 113
What are the prime factors of 828392?
2, 103549
List the prime factors of 334239.
3, 43, 2591
What are the prime factors of 720614?
2, 360307
What are the prime factors of 1140222?
2, 3, 29, 6553
What are the prime factors of 95476?
2, 23869
List the prime factors of 281969.
457, 617
List the prime factors of 2197194.
2, 3, 366199
List the prime factors of 496623.
3, 165541
List the prime factors of 5469586.
2, 2734793
List the prime factors of 372060.
2, 3, 5, 13, 53
What are the prime factors of 8627717?
7, 1232531
List the prime factors of 904522.
2, 617, 733
What are the prime factors of 78865?
5, 15773
What are the prime factors of 3687725?
5, 17, 8677
What are the prime factors of 2825461?
2825461
List the prime factors of 15769786.
2, 7884893
What are the prime factors of 603330?
2, 3, 5, 7, 13, 17
What are the prime factors of 5843?
5843
What are the prime factors of 7049771?
83, 157, 541
What are the prime factors of 18605?
5, 61
What are the prime factors of 769952?
2, 24061
List the prime factors of 487486.
2, 71, 3433
List the prime factors of 1700231.
13, 130787
List the prime factors of 255624.
2, 3, 10651
List the prime factors of 2731063.
2731063
What are the prime factors of 21342172?
2, 2213, 2411
What are the prime factors of 28753283?
13, 43, 51437
List the prime factors of 195811.
7, 11, 2543
What are the prime factors of 107892?
2, 3, 37
What are the prime factors of 80812?
2, 89, 227
What are the prime factors of 88748?
2, 11, 2017
What are the prime factors of 2160788?
2, 7, 77171
List the prime factors of 732909.
3, 244303
List the prime factors of 393103.
393103
List the prime factors of 37976888.
2, 619, 7669
List the prime factors of 6549152.
2, 103, 1987
List the prime factors of 611466.
2, 3, 223, 457
List the prime factors of 6153323.
11, 103, 5431
List the prime factors of 9993077.
353, 28309
What are the prime factors of 3118997?
7, 53, 1201
What are the prime factors of 703834?
2, 17, 127, 163
What are the prime factors of 46265?
5, 19, 487
List the prime factors of 907283.
13, 101, 691
What are the prime factors of 1585327?
1069, 1483
What are the prime factors of 1190278?
2, 595139
List the prime factors of 540729.
3, 7, 2861
What are the prime factors of 872331?
3, 313, 929
List the prime factors of 476281.
13, 36637
What are the prime factors of 5465723?
541, 10103
What are the prime factors of 911511?
3, 101279
List the prime factors of 9896632.
2, 1237079
List the prime factors of 1452487.
1452487
What are the prime factors of 1102751?
13, 84827
What are the prime factors of 107451?
3, 11939
List the prime factors of 572494.
2, 13, 97, 227
List the prime factors of 1474625.
5, 47, 251
List the prime factors of 11260319.
7, 1608617
What are the prime factors of 138620?
2, 5, 29, 239
What are the prime factors of 21697317?
3, 2410813
What are the prime factors of 7041811?
7, 997, 1009
What are the prime factors of 1056612?
2, 3, 191, 461
List the prime factors of 208155.
3, 5, 13877
List the prime factors of 11742627.
3, 13, 19, 23, 53
What are the prime factors of 6860304?
2, 3, 11, 61, 71
List the prime factors of 678880.
2, 5, 4243
List the prime factors of 772660.
2, 5, 7, 5519
What are the prime factors of 3166896?
2, 3, 17, 3881
What are the prime factors of 760653?
3, 223, 379
What are the prime factors of 172278?
2, 3, 17, 563
What are the prime factors of 158100?
2, 3, 5, 17, 31
List the prime factors of 2492128.
2, 47, 1657
What are the prime factors of 6083820?
2, 3, 5, 73, 463
What are the prime factors of 33168?
2, 3, 691
What are the prime factors of 4671433?
13, 227, 1583
List the prime factors of 21271111.
43, 494677
What are the prime factors of 1729609?
7, 247087
List the prime factors of 16209156.
2, 3, 31, 43573
What are the prime factors of 7846351?
59, 132989
What are the prime factors of 127518?
2, 3, 53, 401
List the prime factors of 4743657.
3, 175691
List the prime factors of 5118.
2, 3, 853
What are the prime factors of 1622271?
3, 7, 67, 1153
What are the prime factors of 4577055?
3, 5, 7, 43591
List the prime factors of 2104046.
2, 7, 137, 1097
List the prime factors of 9709161.
3, 7, 11, 3821
What are the prime factors of 991299?
3, 330433
What are the prime factors of 1006863?
3, 11, 13, 2347
List the prime factors of 808077.
3, 31, 8689
List the prime factors of 1513822.
2, 59, 12829
List the prime factors of 1041951.
3, 347317
What are the prime factors of 18320462?
2, 137, 66863
List the prime factors of 247331.
7, 89, 397
List the prime factors of 9607438.
2, 4803719
What are the prime factors of 820390?
2, 5, 82039
What are the prime factors of 738156?
2, 3, 137, 449
What are the prime factors of 20413473?
3, 6804491
What are the prime factors of 1110035?
5, 222007
What are the prime factors of 1369315?
5, 137, 1999
What are the prime factors of 173033?
7, 19, 1301
List the prime factors of 503107.
11, 45737
List the prime factors of 257040.
2, 3, 5, 7, 17
What are the prime factors of 4302814?
2, 79, 113, 241
What are the prime factors of 217416?
2, 3, 9059
List the prime factors of 77845.
5, 15569
What are the prime factors of 1431586?
2, 13, 55061
List the prime factors of 494920.
2, 5, 12373
List the prime factors of 9859276.
2, 7, 223, 1579
What are the prime factors of 187951?
187951
List the prime factors of 6094